9 = -p. What are the prime factors of p?
3, 11
Let j be (8/6)/(2/3). Suppose -9 = -o - j*o - 3*c, 4*o - 10 = -2*c. Suppose 0 = -4*d, 2*g - 6 = -d + o. What are the prime factors of g?
2
Suppose -5*v - 17 = -42, 5*j + 5*v - 3465 = 0. What are the prime factors of j?
2, 43
Suppose 0*l - 5*l + 2*i = 325, 4*l = -i - 247. List the prime factors of (-15953)/l - 4/18.
11, 23
List the prime factors of (-6499)/(-9) - 15/135.
2, 19
Let g = -313 + 603. List the prime factors of g.
2, 5, 29
Suppose -2*u - 36 = -5*u. Let i = u + -16. Let c(o) = -5*o - 5. What are the prime factors of c(i)?
3, 5
Let y be (-17 - 2 - -1)*-1. Let j be (6/(-18))/((-2)/y). Suppose l = -j*l + 3*u + 42, -5*l = -u - 47. What are the prime factors of l?
3
Suppose 0 = -4*t + 145 + 47. Let v = -24 + t. What are the prime factors of v?
2, 3
Let d be 20/50 + (-358)/(-5). List the prime factors of 1 + d + (-4)/(-1).
7, 11
Suppose -78 = 25*d - 31*d. Let y(h) = -2*h**2 + 30*h + 14. What are the prime factors of y(d)?
2, 3, 11
Suppose -5*w - 859 + 2431 = 2*o, 2*w - o - 636 = 0. What are the prime factors of w?
2, 79
Let l(f) = -106*f - 15. What are the prime factors of l(-1)?
7, 13
Let w = 126 + -97. Let c = 95 + w. What are the prime factors of c?
2, 31
Suppose -3 = -3*n - p - 11, 8 = -4*n - 4*p. List the prime factors of ((9/2)/n)/(1/(-134)).
3, 67
Let c(m) = m**3 + 14*m**2 - 5*m - 18. Let n be c(-13). Let k = n + -69. List the prime factors of k.
3, 7
Suppose 7*c - 4*c + 3 = 0. Let v be (c - -5)*1/2. Suppose 2*y - 40 = -2*y + 4*f, y = 3*f + v. List the prime factors of y.
2, 7
Let l(o) = 2*o**3 + o**2 + 7*o - 15. Let f be l(4). Suppose -937 + f = -6*w. List the prime factors of w.
2, 5, 13
Let x = -722 - -1591. What are the prime factors of x?
11, 79
Suppose -9*p = -12 - 87. Let z(d) = d - 6. Let c be z(6). Suppose -n + 29 + p = c. List the prime factors of n.
2, 5
Suppose 1 = -i - 5. Let b(h) = -4*h + 8. Let u(p) = 3*p - 8. Let x(s) = -2*b(s) - 3*u(s). List the prime factors of x(i).
2, 7
List the prime factors of (1 + 50)/(136/(-160) + 1).
2, 5, 17
Suppose -3*g = -4*k - 12, 2*g - 8 = -k - 0*k. Let q be (-3 - k)*24/(-9). List the prime factors of (14/(-4))/((-4)/q).
7
Suppose 5*i = 10*i - 15. Suppose i*s - w - 143 = 0, -s = -2*w - 0*w - 46. List the prime factors of s.
2, 3
Let x = 9 + -8. Let q be (-6 - 0)*x/(-1). Suppose -38 - 124 = -q*d. List the prime factors of d.
3
Suppose -m - m = 0. Suppose -4*g + a + a = -50, m = 4*a + 20. What are the prime factors of g?
2, 5
Let m(u) = 41*u - 27. List the prime factors of m(37).
2, 5, 149
Suppose 5*p - 5*g - 385 = 0, 3*p + 4*g = 8*p - 385. List the prime factors of p.
7, 11
Let h(i) = 10*i**2 + 39*i. What are the prime factors of h(7)?
7, 109
Let b(p) be the second derivative of -91*p**3/6 + 5*p**2/2 + 4*p - 5. What are the prime factors of b(-3)?
2, 139
Suppose 2*b + 0*b + 4 = 0, x - 6 = b. Suppose -x*j = -4*m + m + 512, -4*m + 4*j + 680 = 0. What are the prime factors of m?
2, 3, 7
Let g = -6 + -15. List the prime factors of g*((-260)/12)/5.
7, 13
What are the prime factors of (-38)/8*(-532)/21*3?
19
Suppose -13*j - 17317 + 44539 = 0. What are the prime factors of j?
2, 3, 349
Let v = -1243 - -2749. List the prime factors of v.
2, 3, 251
Let b(w) = -6*w**3 - 5*w**2 - 6*w - 2. Suppose -4*f + 0*f + 6 = 3*y, 4*y - 1 = -3*f. List the prime factors of b(y).
2, 19
Let k(y) = y**2 - 6*y + 10. Let v be k(4). Let n be 2 + (v/2)/1. Suppose 32 = n*a - a. List the prime factors of a.
2
Suppose 4*l = -5*h - 115 - 10, 0 = -2*h + l - 37. Let m be 42*(-6)/h*3. What are the prime factors of ((-9)/(-4))/(3/m)?
3
Let j be (1343 - -2)*9/15. Suppose -125 - j = -4*i. What are the prime factors of i?
233
Suppose 2*l = -4*g - 6, -3*l + 2*g = l - 18. Suppose l*u - 3 = 3. Suppose -2*a + 76 = 4*n, 0 = n + n - u*a - 50. What are the prime factors of n?
3, 7
Suppose 0 = 14*d + 1114 + 174. Let h = d - -106. What are the prime factors of h?
2, 7
List the prime factors of (-42738)/68*(-4)/3.
2, 419
Let i be 10/(-35)*7/(-1). Let m(q) = 7 - q**i + 2*q**2 + 6*q - 20 - q. List the prime factors of m(-10).
37
Suppose -5*o + 3*l + 915 = 0, -549 = -3*o - 23*l + 21*l. List the prime factors of o.
3, 61
Suppose 0 = -13*d + 96 + 567. List the prime factors of 187 + (d/(-12) - 3/(-12)).
3, 61
Suppose 11 = -2*g + 299. Let f = g + -78. What are the prime factors of f?
2, 3, 11
Let j be (-1 - -2)/(9/36). Suppose -2*f - 3 = 5*m, 0 = 4*f - 7*f + j*m + 30. Suppose 2*n - 33 = -3*h, -4*h + f = -2*n - 38. What are the prime factors of h?
11
Let d = -106 - 3. List the prime factors of 32/(-8)*d/2.
2, 109
Let w(x) = 3*x**2 + 5*x + 4. Let d be w(-2). Let n be 1/d - 55/(-30). Suppose n*p + 74 = 4*p. List the prime factors of p.
37
Let g = 149 + -48. Let t = g - 51. What are the prime factors of t?
2, 5
Suppose 10*l - 13*l = -678. Let y = l + -115. What are the prime factors of y?
3, 37
Let g(c) = -86*c**2 - 10*c + 26. Let t(d) = 17*d**2 + 2*d - 5. Let a(l) = 3*g(l) + 16*t(l). List the prime factors of a(1).
2, 7
Let a(y) = 4*y**2 + 5*y + 8. Let o(r) = -r**2 - 1. Let f(q) = a(q) + 3*o(q). Let n be f(-11). Suppose 3 = -4*z + n. List the prime factors of z.
17
Let g(d) = -d**2 + 9*d + 3. Let x be g(9). Let b be -1*(-2 + 2) + 5. Suppose -4*s + x = -b. List the prime factors of s.
2
What are the prime factors of (-148246)/(-105) + 2/30*2?
2, 353
Suppose -5038 = 21*g - 32*g. What are the prime factors of g?
2, 229
Let s(d) be the second derivative of d**4/12 - d**3/3 + 27*d**2 - 4*d. List the prime factors of s(0).
2, 3
Suppose -580 = 4*h + 4*m, -h = -m + 110 + 37. Let k = h - -249. List the prime factors of k.
103
Suppose -67*o + 27759 = -48*o. What are the prime factors of o?
3, 487
Suppose -9*s = -3*s. Suppose s = 3*t + t. Suppose -5*z + 5*p + 45 = -0*z, -z - 2*p + 24 = t. What are the prime factors of z?
2, 7
Let n = 7 + -11. Let g(r) = 5*r**2 - 5. What are the prime factors of g(n)?
3, 5
Let j = 514 - -3484. List the prime factors of j.
2, 1999
Let b(n) = -27*n - 12. Let i be b(-13). Suppose 4*f - i = 985. Suppose -f = -4*x - 127. List the prime factors of x.
3, 17
Let n(k) = -k**3 + 9*k**2 + 3*k + 4. Suppose 0 = 5*o - 2*o - 27. Let j be n(o). Let b = j + -6. List the prime factors of b.
5
Suppose 5*v = 1 + 39. Suppose 270 = 5*i - 2*d, -3*d - 137 = -2*i - v*d. What are the prime factors of i?
2, 7
Let x = 96 - 65. Suppose 3*f - x = 2*f. What are the prime factors of f?
31
Let j be 4/(-22) - 835/(-55). Suppose -27*i = -22*i + j. What are the prime factors of ((-6)/1 - i)*-25?
3, 5
Let k(z) = -2*z**2 + 23*z + 44. What are the prime factors of k(12)?
2
Let k(o) = 2 - o**2 + 45*o**3 + 1 - 4 + 2*o. Let t be k(1). Let d = t + -4. What are the prime factors of d?
41
Let b(o) = -3*o**2 + 12*o + 24. Let d be b(-8). Let x = -164 - d. What are the prime factors of x?
2, 5
Suppose 0 = 5*v - 5*x - 260, x = 5*v - v - 214. Suppose -2*f = 3*r + 99, -2*r - v + 7 = -5*f. Let w = r + 51. List the prime factors of w.
2, 5
Let l(w) = 10*w + 16. Let n be l(-7). What are the prime factors of n/(-1 - 0) - -1?
5, 11
Suppose -20*a = 609 - 3489. List the prime factors of a.
2, 3
Let o(l) = -3 + 2 + 3*l - 3 + 0. Let j be o(3). Suppose -j*y + 160 = 2*r, 3*r + r = 0. List the prime factors of y.
2
Let y(a) = -2*a - 4. Suppose -29 = 3*o - 2. Let b be y(o). Suppose 3*f = -b + 119. List the prime factors of f.
5, 7
Let i(o) = 3*o**2 - 9*o + 1. Let u be 2 + 1 + 3/1. Let x(b) = 3*b - 13. Let j be x(u). What are the prime factors of i(j)?
31
Let c(w) = -w**3 + 18*w**2 - w + 23. Let m be c(18). Suppose i - m*i + 12 = 0. Suppose -i*u = -p + 8, 3*p - 84 = -6*u + 3*u. List the prime factors of p.
23
Let i = 239 + -335. Let f = i - -141. Suppose 3*p = -3*v + f, -2*v + 5 = -4*p - 1. List the prime factors of v.
11
Let c(b) = -7*b**2 - 4*b + 1. Let j be c(-2). Let o = 29 + j. What are the prime factors of o?
2, 5
Let f(q) = q**3 + 10*q**2 + 9*q + 1. Let k be f(-9). Let t be (-40)/(-6) + k/3. Suppose -2*w - t*u = -2*u - 53, -5*w - u = -75. What are the prime factors of w?
2, 7
Let i(k) = -k**2 + 7*k + 2. Let r be i(8). List the prime factors of (-4)/r + 220/12.
19
Let x(o) = 7*o**2 + 19*o - 4. Let w be x(-8). Let b = w - 120. What are the prime factors of b?
2, 43
Let o be 20/(-8)*24/20. What are the prime factors of (-6)/(-5)*o/(18/(